irst derivative of -10*r + r**2 + 1/6*r**3 + 6. Let k(t) be the first derivative of l(t). Determine k(-6).
-4
Let z(q) = 0*q + 5*q**3 - 6*q**2 + 3*q + 13*q**2 - 4*q**3. Let f = -837 + 831. What is z(f)?
18
Let n(u) = 4*u**2 + u - 1. Let r(x) = -x**3 + 13*x**2 + 7*x + 3. Let s(h) = -2*n(h) + r(h). What is s(7)?
-58
Let u(l) be the second derivative of l**6/360 - l**5/15 - 3*l**4/8 + 31*l**3/6 + 60*l. Let p(i) be the second derivative of u(i). Give p(8).
-9
Let a(z) be the third derivative of -z**6/24 - z**4/24 + 92*z**2. What is a(-1)?
6
Let v(o) = -14*o**2 - 7*o**2 - 2*o + 0 - 1 - 4*o**3 - 4*o**2 + 24*o**2. Let t = 5 - 6. Determine v(t).
4
Let m(s) be the third derivative of -s**5/20 - s**4/3 - 7*s**3/6 + 14*s**2. Let v(b) = 9*b**2 + 23*b + 20. Let y(c) = 11*m(c) + 4*v(c). Calculate y(-2).
7
Suppose -5*n + 6*t = 3*t - 10, -2*t = 0. Let o be (-1)/n*(-107 - -13). Let a(m) = 0*m - 48*m**2 + o*m**2 + m. Calculate a(3).
-6
Let u = -10 - -11. Suppose -d + u = 2*k, -d + 0*d = 3*k - 3. Let m(i) = 6*i + i**k + 5*i - 16*i - 1. Calculate m(6).
5
Let d(l) = -l + 3. Suppose 0*k - 3*k - 35 = 2*g, -3*k + 3*g = 15. Let h be ((-12)/k)/((-10)/(-15)). Suppose -5*r - 5*j = 5, 0 = -0*j + j - h. Give d(r).
6
Suppose n - 2*g = -5, 5*n - 3*n = 5*g - 11. Let w(k) = k**3 + 6*k**2 + 7*k. Determine w(n).
6
Let o(t) = t**3 + 20*t**2 - 22*t - 14. Suppose -313 - 86 = 19*x. Calculate o(x).
7
Let d(t) = 87*t - 7. Let m(y) = 42*y - 3. Let b(w) = 4*d(w) - 9*m(w). What is b(-1)?
29
Let g(n) = 7*n - 17*n**2 - 7*n + 3 + 45*n**2 - 4. Calculate g(-1).
27
Suppose 2*b + 0 = 2. Let k = -3 - -8. Let c(p) = -k + 3 - 8*p - p + b. Calculate c(1).
-10
Let f(a) = -28 - 4*a + 54 + 2*a - 70. Give f(-16).
-12
Let o(c) = -c**2 + 11*c + 12. Let i be (-128)/(-12) + 3/9. Determine o(i).
12
Let w(s) = -4 + 6*s**2 + 2*s - s**3 - 2*s**2 + 5*s. Let c = 3144 - 3139. What is w(c)?
6
Let i(l) = 5*l - 1. Let s be i(1). Let r(h) = 1. Let o(y) = -y + 1. Let n(m) = s*r(m) + o(m). Calculate n(-4).
9
Let n(h) be the first derivative of h**2/2 + 8*h - 6. What is n(-4)?
4
Let k(l) = -3*l**2 + 2*l - l - 2 + 3. Let i(n) = -n**3 + 7*n**2 + 2*n - 15. Let m be (-21)/3*(-5)/5. Let t be i(m). Calculate k(t).
-3
Suppose 5*y = -2*k + 318, -2*k + 5*k = -3*y + 189. Let q be (-16)/y - 22/8. Let o(m) = -3 + 3*m**2 + m**3 + 5*m - 4*m + 4. Calculate o(q).
-2
Let w be 117/153*17 + (1 - 2)*8. Let t(n) = -n + 1. Let z(m) = 1. Let k(y) = t(y) - 2*z(y). Calculate k(w).
-6
Let x(i) = i**3 + i**2 - i - 1. Suppose -q + 3*f + 47 = 0, 3*q - 2*f - 92 = 84. Let n = -63 + q. Give x(n).
0
Let b(x) = 495*x**2 + 11*x - 240*x**2 - 242*x**2 + x**3 + 7 + 2*x - 1. Determine b(-12).
-6
Let z(t) = 11*t**3 - 9*t**2 + 2*t + 2. Let c(k) = -29*k**3 + 25*k**2 - 5*k - 5. Let n(y) = -3*c(y) - 8*z(y). Give n(-3).
2
Let c(q) = q + 12. Suppose 64 = -4*x - 5*j, 4*x - 2*j - 1 = -65. Calculate c(x).
-4
Suppose -6 = -2*g + 4*s, 2*s + 1 = 3*g - 0*s. Let w be 1 - ((2 - 1) + -1). Let r(q) = 0*q - 3*q - 2*q**2 + 3*q - w. What is r(g)?
-3
Let s(w) be the first derivative of w**3/6 - w**2 + 6*w - 6. Let r(f) be the first derivative of s(f). What is r(3)?
1
Let j(g) = -2*g - 1. Suppose l - 6 = 4*f - 17, -f - 5*l = -8. Let w be 2/1*3/6. Let m be 1/(w*(2 - f)). Calculate j(m).
1
Suppose 3*z = -3*v + 495, v = z - 0*z - 175. Let n(l) = 0 - 1 - l**2 - z*l + 174*l. Give n(4).
-1
Let l = 0 - -1. Let c(u) be the third derivative of 0*u + 0*u**4 - 1/6*u**3 + 4*u**2 - 1/20*u**5 + 0. What is c(l)?
-4
Let b(q) = -q**2 - 14*q - 29. Let z = 1148 + -1159. Calculate b(z).
4
Let x(b) = -3*b - 2. Suppose 2*p - 6 = -f, -3*p + 0*p + 2*f = -23. Suppose -p*u - 7*z = -2*z + 15, 0 = -2*z - 10. What is x(u)?
-8
Let h(q) = -2*q + 2. Let z be h(-11). Suppose 5*b = -1 - z. Let y(i) = i**2 + 4*i - 1. Calculate y(b).
4
Let d(t) = 5*t**3 - t**2 + t. Suppose -12 = -8*u + 4*u. Suppose 2*g = -5*b + u*b + 34, 46 = 2*g - 2*b. Let k = g - 19. Determine d(k).
5
Let m(j) = 4*j - 1 + j - 2*j**2 - 8*j - j**3. Let r(d) = d**2 + d + 1. Let i(q) = -m(q) - 4*r(q). What is i(3)?
3
Let j(l) = 2*l**2 + 7*l - 2. Let w(r) = r**2 - 16*r + 10. Let v be w(13). Let o = 24 + v. Calculate j(o).
13
Let h(n) = 9*n**3 + 3*n**2 - 3*n - 1. Let v(d) = d**3 - d**2 + d. Let z be 0 + (-7 - -4)/3. Let x(w) = z*h(w) - 2*v(w). Give x(-1).
10
Let x(r) be the third derivative of 7/60*r**5 + 0 + 1/120*r**6 - 2*r**2 + 1/3*r**4 + r**3 + 0*r. Let f = -32 - -26. Give x(f).
-6
Let x be 395/(-45) - 2/9. Let r(i) = -i**3 - 9*i**2 + i + 9. What is r(x)?
0
Let l = 81 + -81. Suppose 5*g = -l*g - 35. Let x(i) = i + 11. Calculate x(g).
4
Let t = 15 - 33. Let v be (-6)/(-8) + t/24. Suppose v = 2*n - 4*n - 12. Let b(s) = s**2 + 6*s - 4. What is b(n)?
-4
Let n(u) = u**3 - 7*u**2 - 9*u + 3. Let q(f) = f**3 - 2*f**2 - 3*f + 75. Let h be q(0). Let m = -67 + h. Give n(m).
-5
Let c(z) be the second derivative of 4*z**3/3 + z**2/2 + 24*z + 1. Suppose 1 = -0*h - h. Let r = h - 0. Give c(r).
-7
Let d(t) be the first derivative of t**2 - 4*t - 61. What is d(-3)?
-10
Let g = -6 + 10. Let w(d) be the second derivative of -d**3/6 - 2*d**2 + 14*d. Determine w(g).
-8
Let d(l) be the first derivative of -l**5/120 - l**4/6 - 3*l**3 - 16. Let b(j) be the third derivative of d(j). Give b(-5).
1
Let p(m) = m**3 + 5*m**2 - 4*m - 16. Suppose u + 1 = -4. Determine p(u).
4
Let v(c) = 3*c**2 - 4*c + c**2 - 2*c**2 - 20*c**3 + 1 + 6*c + c**3. Give v(-1).
20
Let h(k) = 11*k - 6. Let g(y) = y + 2. Let c(n) = 2*g(n) + h(n). Calculate c(2).
24
Suppose -7*v + 3 = -6*v. Let h be (-1 + v)*(-147)/(-42). Let o(s) = -s**3 + 6*s**2 + 7*s - 3. Calculate o(h).
-3
Suppose 5*g - k = 35, -6 - 2 = -3*g - 2*k. Let x(w) = w**2 - 5*w + 1. Calculate x(g).
7
Let a be ((-6)/(-4))/((-9)/(-48)). Suppose 16 = 2*r + a. Let n(l) = -3*l + r*l + 2*l - l. Give n(1).
2
Let u(w) = w + 6. Let p = 655 + -658. Determine u(p).
3
Let z(q) = 23*q**2 - 5*q - 2. Let v(n) = 0 + 0 + 2*n - 11*n**2 + 1. Let i(w) = 5*v(w) + 2*z(w). Let y be (-7)/63 + 60/54. Calculate i(y).
-8
Let p = 12 - 10. Let k(h) = -2 - p + 2*h - 4 + 17. What is k(-6)?
-3
Let y(v) be the second derivative of -1/2*v**3 + 0 + 5*v + 5/2*v**2 + 1/12*v**4. Suppose -7*u + 0*u = -28. Give y(u).
9
Let w(d) be the third derivative of -d**6/720 - d**5/40 + 7*d**4/12 - 6*d**2. Let y(c) be the second derivative of w(c). Give y(0).
-3
Suppose 4*g + y - 16 = 0, 2*g - 4 = g + y. Let o(n) = 2*n - 2*n - 3*n + 3 + g*n. Calculate o(5).
8
Let s(b) be the first derivative of -b**2 - 7*b - 1. Let w(q) = 8*q**2 + 37*q - 22. Let u be w(-5). What is s(u)?
7
Let u = -6 - -12. Let b(o) = -2 + 7*o**2 + 27*o**3 - 12*o**3 - 8*o - 16*o**3. What is b(u)?
-14
Let d(l) be the third derivative of l**4/12 + l**3/3 - 26*l**2 - 1. What is d(-4)?
-6
Let p(z) = -6*z + 2*z - 113077 + 113089. Determine p(6).
-12
Let m = 2 + -4. Let t(u) = -4*u**2 + 3*u - 1. Let n be (-2)/1*(-3)/4*2. Let g(f) = -f**2 - 1. Let w(d) = n*g(d) - t(d). What is w(m)?
8
Let y(p) = 1. Let w(s) = 8 + s + 5 - 1. Let v(z) = 2*w(z) - 18*y(z). Give v(-4).
-2
Let k(u) be the second derivative of -u**4/12 - 13*u**3/6 + 19*u**2/2 + 254*u. What is k(-15)?
-11
Let v(t) = t**3 - 5*t**2 + 4*t. Let c be v(4). Let p(d) be the second derivative of c - 1/2*d**3 + 4*d - 1/2*d**2. Give p(1).
-4
Let c be 11/(-2) + 1/2. Suppose -8 = -6*o - 38. Let p(z) = 8*z. Let r(w) = 7*w + 1. Let i(h) = o*r(h) + 4*p(h). Give i(c).
10
Let q(t) = -7*t + 13. Let r(a) = -4*a + 7. Let h(w) = 3*q(w) - 5*r(w). Let i be h(-4). Let z(s) = -i*s**2 + 4 - 4*s + 10*s**2 + 0*s**3 - s**3. Give z(3).
-17
Let c(b) = -b**2 - 15*b - 41. Let k = 240 + -250. What is c(k)?
9
Suppose -118 = -12*l - 22. Let b(g) = -g**2 + 11*g - 13. Give b(l).
11
Suppose 2 - 5 = -w. Let l(i) = -i**3 + 6*i**2 + 4*i. Calculate l(w).
39
Let z(w) = w**3 - 2*w**2 - 2. Let h be z(3). Let t be 4*1 - h/((-14)/(-6)). Let p(k) = -k**3 + k**2 + 2*k - 1. Determine p(t).
1
Suppose 48 = -5*t - 262. Let y = 70 + t. Let f(q) = -q**3 + 9*q**2 - 8*q - 1. What is f(y)?
-1
Let j(w) = 79*w - 91 - 58*w - 17*w. Determine j(22).
-3
Let f(a) = -9*a - 1. Let x(y) = y**3 + 3*y**2 - y + 2. Suppose -2*q + 12 = -6*q. Let n be x(q). Suppose 4*j - n*o + 9 = -7, 5*o = -j + 21. What is f(j)?
-10
Let k(g) = 0 - 4 - 860*g**2 + 861*g**2 - 2*g. Suppose b - 8 = 4*z + 6*b, -5*z = -3*b - 27. Let c = z + 1. Calculate k(c).
4
Supp